-1 - (6 + -13)?
5
Evaluate -5 - (6 + -17) - 8.
-2
Calculate (-94 - -84) + (4 - (1 - 4)).
-3
What is the value of -20 + 12 - (0 + -2)?
-6
What is 6 + -2 + 3 - (1 - -4)?
2
What is -2 + 8 + -2 + 1?
5
-6 + (9 + -3 - (5 - -1))
-6
Calculate (-1 - (5 + -5)) + (5 - -1).
5
12 - (8 + -8 - 7) - 8
11
What is (4 - (1 - 0) - 3) + -2?
-2
-5 + (4 - 0 - -7)
6
Calculate 9 + -16 - (2 + -8).
-1
4 + -4 + -4 + 4
0
Evaluate -3 + 2 + (-2 - (-4 + -2)).
3
Calculate -3 + -1 + 2 + 5 + -2.
1
What is the value of (9 - 0) + (-7 - 0)?
2
Evaluate 19 + -4 + -11 + 7.
11
(-4 - (-1 + 2)) + -5 + 5
-5
(9 - -5) + (6 - 17)
3
What is the value of 3 + -4 - 5 - -1?
-5
What is the value of 4 - (2 - -2 - (0 - -2))?
2
What is -3 - (-1 + 1 - (-15 - -13))?
-5
Evaluate 4 - 4 - (1 - 2).
1
Evaluate (0 - -1) + 17 + -13.
5
-2 + (-2 - -10) + (-114 - -107)
-1
What is -6 - (2 - 5) - -7?
4
Evaluate (-13 + 10 - (0 + -1)) + 2.
0
What is the value of (-9 - -5) + (1 + -2 - -1)?
-4
Evaluate -3 + 12 + -4 - (6 + -6).
5
Evaluate 6 - 5 - -4 - 5.
0
Calculate (-6 - (-2 + -3)) + 4.
3
What is (-10 + 3 - -3 - -6) + 3?
5
Evaluate -6 + 0 - (-16 - (-12 + -3)).
-5
What is the value of 5 - (-10 - -18) - 0?
-3
Evaluate (6 - -2) + (2 + -5 - 3).
2
What is -7 + 7 + -2 - -2?
0
What is the value of -2 + 11 + -5 - 7?
-3
What is the value of 1 - (-4 + 10) - (-13 - -3)?
5
Calculate 3 - ((15 - 11) + -4).
3
Calculate (4 - -11 - 7) + -3.
5
What is the value of -1 + 3 + (8 - (-6 + 17))?
-1
Calculate 3 + (-11 - 1) - (7 - 10).
-6
Evaluate (6 - 1) + (-4 - -2).
3
What is the value of 6 - (-3 - (-5 + 1))?
5
Calculate -1 - 5 - (-13 + 19 + -11).
-1
What is the value of 6 - 3 - (-5 + 7 - 3)?
4
What is (3 - 0) + 1 + -8?
-4
Calculate -1 + -4 - (-4 - (-2 - 3)).
-6
Calculate -1 + -3 + 8 + 2 + -4.
2
What is (0 - -13) + (-6 - 1)?
6
(-5 + 9 - 1) + 1
4
What is the value of -2 + (3 - 0 - 1)?
0
(-1 - 7) + 4 - -6
2
What is the value of 5 - 0 - (-3 - -3 - -2)?
3
What is -2 + 2 - 1 - (-1 - -4)?
-4
11 + (-12 - 7) + 0
-8
What is the value of -5 + (-5 - (-12 + 2)) + -3?
-3
Calculate -6 + (1 - (2 + -4)).
-3
What is -2 + (-10 + 4 - -15)?
7
What is the value of -29 + 25 + (-1 - -7)?
2
What is -26 + 33 - (-3 + 5)?
5
What is the value of (-2 - (-4 + 0)) + -1 + 3?
4
What is the value of 7 - 5 - (8 - 6)?
0
Evaluate (6 - (-2 + 9)) + -3.
-4
What is 12 + (1 + 7 - 2) + -8?
10
Evaluate 4 - (7 - -7 - 3).
-7
Evaluate (6 - 4 - 4) + (5 - 2).
1
Evaluate 0 + (1 - 1 - 2).
-2
Evaluate (-2 - 3) + (3 - -6).
4
Calculate (-1 - 5) + (-36 - -44).
2
What is -4 - (-3 - (0 + -3)) - -2?
-2
Evaluate -6 - (-4 - (-6 + 4)).
-4
What is the value of (-5 - 0) + (-3 - (-5 + 2))?
-5
What is the value of (5 - 7) + -6 - -12?
4
Evaluate (24 - 23) + -2 + 4 + -8.
-5
Calculate -16 + 17 + (-6 - -2).
-3
Calculate -2 - -4 - (-24 + 27 + -11).
10
Evaluate -18 + 13 - (-3 + 3 + -1).
-4
-6 + 9 + 0 + -4
-1
6 + -2 - (1 + -5 + 16)
-8
Calculate 6 + 6 + -6 - (0 - -4).
2
What is the value of -1 - 3 - (-25 + 14 + 3)?
4
What is -12 + -9 + 3 + 6 + 3?
-9
What is -34 + 39 + 6 + -1 - 2?
8
-5 - (-5 - ((9 - 1) + -11))
-3
Evaluate 0 + 2 - 4 - -2.
0
What is (0 - 1) + (-5 - -7) + 0?
1
What is the value of 1 - (8 - -4 - 7)?
-4
0 - 19 - (-69 - -59)
-9
Evaluate (7 - 4 - 8) + 2 + 0.
-3
3 + (-2 - (-3 - -5))
-1
What is -6 + (-4 - (-11 - -2))?
-1
(4 + -1 - 0) + -8
-5
What is the value of -5 + -2 + 0 + 5 + -2?
-4
Evaluate 3 - 2 - (18 - 20).
3
Evaluate -3 + -2 + 11 - 1 - 5.
0
Calculate (-5 - 3) + (-3 - -15).
4
What is the value of -2 - 5 - -9 - -2?
4
7 - 2 - (13 + -11 + 4)
-1
Calculate 7 - -5 - 11 - 1.
0
What is -1 - 4 - -1 - -8?
4
Evaluate -5 + -9 + 6 - -6.
-2
What is the value of 9 - ((-1 - -3) + 5 - 6)?
8
Evaluate -4 - ((2 - 0 - 11) + 3).
2
What is the value of 1 + 10 - 21 - (-7 - -1)?
-4
Calculate 0 - 2 - (21 + -14).
-9
Evaluate (-3 - (12 - 9)) + -2.
-8
What is the value of -2 + 9 + -1 + -19 + 10?
-3
What is 6 + -6 + 5 - (3 + -3)?
5
What is the value of -1 + -2 + 5 + 7 - 4?
5
What is the value of 5 + (-11 - -15) - (5 - 1)?
5
What is 7 - (7 - -5) - -5?
0
What is the value of -2 - 0 - (-78 + 73)?
3
What is -7 + 4 - (1 + 1)?
-5
Calculate (-2 - -6 - 8) + -1.
-5
Evaluate (29 - 29) + (2 - 1) + -2.
-1
What is the value of -5 - (-4 - (2 + -5)) - 0?
-4
Evaluate 9 - 1 - (2 + 8 + -7).
5
-4 + (7 - 2 - 8 - -15)
8
What is the value of -36 - -32 - (2 - 9)?
3
What is 0 + 0 + (7 - 9) + -1?
-3
(-3 - (-5 + 5)) + 2
-1
What is the value of (1 - 12) + (-1 - -3)?
-9
Calculate 1 - (7 - ((2 - 4) + 4)).
-4
Evaluate -6 - (-3 - (-7 + (14 - 0))).
4
What is the value of -4 + -5 + (0 - -2) - 0?
-7
Calculate (1 - 0) + (-4 - -5 - -2).
4
What is -7 - (-3 - (1 - -3) - -4)?
-4
Evaluate 7 + (-12 + -2 - -2).
-5
3 + -11 + 2 + -1 + 6
-1
Evaluate -7 - -14 - (-2 + 10).
-1
Calculate -2 + 12 + -8 + -4.
-2
What is 6 + (-2 - -2 - 1)?
5
Evaluate 7 + (3 - 0) - 7.
3
(-8 + 6 + -5 - 2) + 8
-1
Calculate 7 + -5 + (0 - 4).
-2
What is (1 - -2) + -2 + 2 + -2?
1
-1 - -1 - (1 + -4)
3
What is the value of -6 - (-3 + (-13 - -6))?
4
What is the value of 4 + -4 + (6 - (1 + 3))?
2
What is -1 + (2 - 4) + 7 - 2?
2
Evaluate (-12 - -3) + (-4 + 3 - -4).
-6
What is the value of 6 - -1 - (1 - -11)?
-5
What is the value of 3 - -3 - (-3 - (-7 - -1))?
3
What is (3 + -8 - -12) + -11?
-4
Evaluate 1 + (4 - 5 - -5) + -9.
-4
-6 + (0 - -5) + (-3 - 0)
-4
Evaluate (-5 + 2 - -3) + (7 - 0).
7
What is the value of (4 - 0) + (-63 - -53)?
-6
-4 + 3 - (-2 + -2)
3
Evaluate (1 - ((1 - 2) + -1)) + -4.
-1
Evaluate (-3 - (-5 - -5)) + 2.
-1
What is (-4 - -3) + -1 + 5?
3
Calculate (-6 - -15) + -2 + 0 + 2.
9
What is the value of 12 + -15 - (-5 - -5)?
-3
What is the value of 6 - (-3 + (0 - -8))?
1
Calculate 3 - -2 - (-23 - -18).
10
Evaluate -2 - (0 - 4 - (4 - 0)).
6
What is the value of -11 - 0 - (-87 - -76)?
0
-2 - (-5 + 0 + 4)
-1
What is -5 + 6 - (-1 + 1 + -1)?
2
Calculate 8 - (10 + -11 - -10).
-1
Calculate (6 - 3) + (-9 - -8 - 1).
1
What is the value of -2 - -3 - (-4 - -8)?
-3
What is the value of 1 - (-9 + 0 + 1 - -10)?
-1
What is (-2 + -2 - (-4 - -3)) + -1?
-4
Evaluate (-7 - -7) + -3 + 2.
-1
Evaluate -3 + (5 - (1 - 2)).
3
What is the value of -3 - (2 + -7 - -1)?
1
Calculate (3 - 0) + (-7 - -2) + 4.
2
What is -2 + 4 + (-4 - -4)?
2
Calculate -4 - 0 - (6 - (0 - -5)).
-5
Evaluate -1 - (3 + (0 - 3)).
-1
Calculate 6 - (3 + 2) - (0 - 1).
2
What is the value of 5 - 5 - (3 - 4 - -5)?
-4
What is -4 + 10 + (-13 - -8)?
1
1 + 4 - (1 + 5 - 4)
3
-21 + 19 - (1 + 1 + -9)
5
What is the value of 0 + (-3 - -4) + -1 + 3?
3
What is -29 - -25 - (-1 + -6)?
3
What is the value of (1 - -1) + (5 - 10)?
-3
Calculate (25 - 15) + -2 + -9.
-1
Evaluate 6 + (-5 - 1 - -4).
4
What is the value of -11 - (-10 - (-18 - -12))?
-7
Calculate 2 + 0 + -12 - (3 + -5).
-8
Evaluate 8 + 13 + -22 + 5.
4
Calculate (-11 - (-14 - -7)) + -1.
-5
Evaluate 2 - (2 + -2 + 1 - 4).
5
What is the value of -3 - (8 - (3 - -2))?
-6
0 + 1 - (8 + 1 + -14)
6
What is 1 - (0 - 0 - (-4 + 4))?
1
What is the value of -5 + 8 + -4 - -1?
0
What is the value of (2 + -8 - -8) + -5?
-3
What is -10 - (-24 + (19 - 9))?
4
Evaluate 5 + 1 + -4 - 0.
2
Calculate (-5 + -4 - -4 - -14) + -2.
7
1 + 0 + 3 - 7
-3
Evaluate -2 + (4 - 1) + 3.
4
Evaluate 19 - ((3 - -15) + -10).
11
-3 + (15 - 5) - (1 - 1)
7
What is the value of -14 + -7 + 15 + 5 + -1?
-2
Calculate 0 + 5 - 8 - -1.
-2
Calculate 0 + 0 - (-7 + 9 - -2).
-4
Calculate 4 + 0 + (-25 - (-54 + 25)).
8
What is the value of (-7 - (6 + -12)) + 0 + 0?
-1
What is the value of 12 - (10 - 0) - 0?
2
Evaluate 0 - (6 - 6) - -1 - 4.
-3
What is the value of 0 + (1 - 6) + 5?
0
What is -1 + -1 - (-3 - (-1 - -5))?
5
Calculate (6 - -2 - 4) + -4.
0
What is 2 + (-7 - -6) + (1 - 5)?
-3
What is -2 + (15 - 18) + (4 - -1)?
0
Evaluate -3 + 7 + 1 + -4.
1
Evaluate 3 + 2 + 0 + -2 + -5.
-2
(2 - 3) + -6 + 10
3
What is 0 - (-3 + 3 + 2)?
-2
Evaluate 0 - -2 - (4 - 12 - -16).
-6
Calculate 0 + (9 - 6 - 6 - 2).
-5
Evaluate (-3 - (2 - 2)) + 4 + -6.
-5
Calculate 18 - (10 - 4 - -3).
9
Calculate -2 - (-7 + 3 + -3 + 12).
-7
Calculate -4 - -1 - -1 - (2 + -1).
-3
1 - (-3 - (-1 - -1))
4
Evaluate -2 - (-5 - -1 - 1).
3
What is -3 + (14 - 27 - -11)?
-5
Calculate (-2 + 1 - (-8 + 10)) + -1.
-4
Calculate 42 - 42 - (-6 - 1) - 5.
2
Evaluate 12 + (-1 - (6 - -1)).
4
Calculate 8 + (-6 - -1) - 9.
-6
What is the value of -5 - ((3 - 6) + 2)?
-4
What is (-5 - 1 - (-60 - -65)) + 0?
-11
Calculate 3 + (11 - 1